{"id":1120,"date":"2022-11-06T05:13:43","date_gmt":"2022-11-06T05:13:43","guid":{"rendered":"https:\/\/global8system.com\/?page_id=1120"},"modified":"2022-12-19T21:14:43","modified_gmt":"2022-12-19T21:14:43","slug":"clase-03-resurreccion","status":"publish","type":"page","link":"https:\/\/global8system.com\/index.php\/curso-sobre-la-resurreccion\/clase-03-resurreccion\/","title":{"rendered":"CLASE 03 &#8211; RESURRECCI\u00d3N"},"content":{"rendered":"<p>[et_pb_section fb_built=&#8221;1&#8243; _builder_version=&#8221;4.18.0&#8243; _module_preset=&#8221;default&#8221; global_colors_info=&#8221;{}&#8221;][et_pb_row _builder_version=&#8221;4.18.0&#8243; _module_preset=&#8221;default&#8221; global_colors_info=&#8221;{}&#8221;][et_pb_column type=&#8221;4_4&#8243; _builder_version=&#8221;4.18.0&#8243; _module_preset=&#8221;default&#8221; global_colors_info=&#8221;{}&#8221;][et_pb_text _builder_version=&#8221;4.18.0&#8243; _module_preset=&#8221;default&#8221; global_colors_info=&#8221;{}&#8221;]<\/p>\n<div style=\"padding: 56.25% 0 0 0; position: relative;\"><iframe style=\"position: absolute; top: 0; left: 0; width: 100%; height: 100%;\" title=\"3 RESURRECCI&amp;Oacute;N - CLASE 3.mp4\" src=\"https:\/\/player.vimeo.com\/video\/763502807?h=2c652c5890&amp;badge=0&amp;autopause=0&amp;player_id=0&amp;app_id=58479\" frameborder=\"0\" allowfullscreen=\"allowfullscreen\"><\/iframe><\/div>\n<p><script src=\"https:\/\/player.vimeo.com\/api\/player.js\"><\/script><\/p>\n<p>[\/et_pb_text][\/et_pb_column][\/et_pb_row][et_pb_row _builder_version=&#8221;4.18.0&#8243; _module_preset=&#8221;default&#8221; global_colors_info=&#8221;{}&#8221; global_module=&#8221;1524&#8243; theme_builder_area=&#8221;post_content&#8221;][et_pb_column type=&#8221;4_4&#8243; _builder_version=&#8221;4.18.0&#8243; _module_preset=&#8221;default&#8221; global_colors_info=&#8221;{}&#8221; theme_builder_area=&#8221;post_content&#8221;][et_pb_accordion _builder_version=&#8221;4.18.0&#8243; _module_preset=&#8221;default&#8221; global_colors_info=&#8221;{}&#8221; theme_builder_area=&#8221;post_content&#8221;][et_pb_accordion_item title=&#8221;CONTENIDO DE CLASES&#8221; open=&#8221;on&#8221; _builder_version=&#8221;4.18.0&#8243; _module_preset=&#8221;default&#8221; global_colors_info=&#8221;{}&#8221; theme_builder_area=&#8221;post_content&#8221;]<\/p>\n<p><a href=\"https:\/\/global8system.com\/index.php\/curso-sobre-la-resurreccion\/clase-00-introduccion\/\">ESCRITORIO CURSO RESURRECCI\u00d3N<\/a><\/p>\n<p><a href=\"https:\/\/global8system.com\/index.php\/curso-sobre-la-resurreccion\/clase-08\/\">CLASE 01 RESURRECCI\u00d3N<\/a><br \/><a href=\"https:\/\/global8system.com\/index.php\/curso-sobre-la-resurreccion\/clase-02-resurreccion\/\">CLASE 02 RESURRECCI\u00d3N<\/a><br \/><a href=\"https:\/\/global8system.com\/index.php\/curso-sobre-la-resurreccion\/clase-03-resurreccion\/\">CLASE 03 RESURRECCI\u00d3N<\/a><br \/><a href=\"https:\/\/global8system.com\/index.php\/curso-sobre-la-resurreccion\/clase-04-resurreccion\/\">CLASE 04 RESURRECCI\u00d3N<\/a><br \/><a href=\"https:\/\/global8system.com\/index.php\/curso-sobre-la-resurreccion\/clase-05-resurreccion\/\">CLASE 05 RESURRECCI\u00d3N<\/a><br \/><a href=\"https:\/\/global8system.com\/index.php\/curso-sobre-la-resurreccion\/clase-06-resurreccion\/\">CLASE 06 RESURRECCI\u00d3N<\/a><br \/><a href=\"https:\/\/global8system.com\/index.php\/curso-sobre-la-resurreccion\/clase-07-resurreccion\/\">CLASE 07 RESURRECCI\u00d3N<\/a><br \/><a href=\"https:\/\/global8system.com\/index.php\/curso-sobre-la-resurreccion\/clase-08-resurreccion\/\">CLASE 08 RESURRECC\u00cdON<\/a><br \/><a href=\"https:\/\/global8system.com\/index.php\/curso-sobre-la-resurreccion\/clase-09-resurreccion\/\">CLASE 09 RESURRECC\u00cdON<\/a><br \/><a href=\"https:\/\/global8system.com\/index.php\/curso-sobre-la-resurreccion\/clase-10-resurreccion\/\">CLASE 10 RESURRECCI\u00d3N<\/a><br \/><a href=\"https:\/\/global8system.com\/index.php\/curso-sobre-la-resurreccion\/clase-11-resurreccion\/\">CLASE 11 RESURRECCI\u00d3N<\/a><br \/><a href=\"https:\/\/global8system.com\/index.php\/curso-sobre-la-resurreccion\/clase-12-resurreccion\/\">CLASE 12 RESURRECCI\u00d3N<\/a><br \/><a href=\"https:\/\/global8system.com\/index.php\/curso-sobre-la-resurreccion\/clase-13-resurreccion\/\">CLASE 13 RESURRECCION<\/a><br \/><a href=\"https:\/\/global8system.com\/index.php\/\/courses\/curso-sobre-la-resurreccion\/lessons\/clase-14-213\/\">CLASE 14 RESURRECCI\u00d3N<\/a><br \/><a href=\"https:\/\/global8system.com\/index.php\/\/courses\/curso-sobre-la-resurreccion\/lessons\/clase-15-116\/\">CLASE 15 RESURRECCI\u00d3N<\/a><br \/><a href=\"https:\/\/global8system.com\/index.php\/curso-sobre-la-resurreccion\/clase-16-resurreccion\/\">CLASE 16 RESURRECCI\u00d3N<\/a><br \/><a href=\"https:\/\/global8system.com\/index.php\/curso-sobre-la-resurreccion\/clase-17-resurreccion\/\">CLASE 17 RESURRECCI\u00d3N<\/a><br \/><a href=\"https:\/\/global8system.com\/index.php\/curso-sobre-la-resurreccion\/clase-18-resurreccion\/\">CLASE 18 RESURRECCI\u00d3N<\/a><br \/><a href=\"https:\/\/global8system.com\/index.php\/curso-sobre-la-resurreccion\/clase-19-resurreccion\/\">CLASE 19 RESURRECCI\u00d3N<\/a><br \/><a href=\"https:\/\/global8system.com\/index.php\/curso-sobre-la-resurreccion\/clase-20-resurreccion\/\">CLASE 20 RESURRECCI\u00d3N<\/a><br \/><a href=\"https:\/\/global8system.com\/index.php\/curso-sobre-la-resurreccion\/clase-21-resurreccion\/\">CLASE 21 RESURRECCI\u00d3N<\/a><br \/><a href=\"https:\/\/global8system.com\/index.php\/curso-sobre-la-resurreccion\/clase-22-resurreccion\/\">CLASE 22 RESURRECCI\u00d3N<\/a><br \/><a href=\"https:\/\/global8system.com\/index.php\/curso-sobre-la-resurreccion\/clase-23-resurreccion\/\">CLASE 23 RESURRECCI\u00d3N<\/a><br \/><a href=\"https:\/\/global8system.com\/index.php\/curso-sobre-la-resurreccion\/clase-24-resurreccion\/\">CLASE 24 RESURRECCI\u00d3N<\/a><br \/><a href=\"https:\/\/global8system.com\/index.php\/curso-sobre-la-resurreccion\/clase-25-resurreccion\/\">CLASE 25 RESURRECCI\u00d3N<\/a><\/p>\n<p>[\/et_pb_accordion_item][\/et_pb_accordion][\/et_pb_column][\/et_pb_row][\/et_pb_section]<\/p>\n","protected":false},"excerpt":{"rendered":"<p>ESCRITORIO CURSO RESURRECCI\u00d3N CLASE 01 RESURRECCI\u00d3NCLASE 02 RESURRECCI\u00d3NCLASE 03 RESURRECCI\u00d3NCLASE 04 RESURRECCI\u00d3NCLASE 05 RESURRECCI\u00d3NCLASE 06 RESURRECCI\u00d3NCLASE 07 RESURRECCI\u00d3NCLASE 08 RESURRECC\u00cdONCLASE 09 RESURRECC\u00cdONCLASE 10 RESURRECCI\u00d3NCLASE 11 RESURRECCI\u00d3NCLASE 12 RESURRECCI\u00d3NCLASE 13 RESURRECCIONCLASE 14 RESURRECCI\u00d3NCLASE 15 RESURRECCI\u00d3NCLASE 16 RESURRECCI\u00d3NCLASE 17 RESURRECCI\u00d3NCLASE 18 RESURRECCI\u00d3NCLASE 19 RESURRECCI\u00d3NCLASE 20 RESURRECCI\u00d3NCLASE 21 RESURRECCI\u00d3NCLASE 22 RESURRECCI\u00d3NCLASE 23 RESURRECCI\u00d3NCLASE 24 RESURRECCI\u00d3NCLASE 25 RESURRECCI\u00d3N<\/p>\n","protected":false},"author":1,"featured_media":0,"parent":142,"menu_order":0,"comment_status":"closed","ping_status":"closed","template":"","meta":{"_et_pb_use_builder":"on","_et_pb_old_content":"<!-- wp:divi\/placeholder \/-->","_et_gb_content_width":"","footnotes":""},"class_list":["post-1120","page","type-page","status-publish","hentry"],"yoast_head":"<!-- This site is optimized with the Yoast SEO plugin v27.1.1 - https:\/\/yoast.com\/product\/yoast-seo-wordpress\/ -->\n<title>CLASE 03 - RESURRECCI\u00d3N * Global 8 System<\/title>\n<meta name=\"robots\" content=\"index, follow, max-snippet:-1, max-image-preview:large, max-video-preview:-1\" \/>\n<link rel=\"canonical\" href=\"https:\/\/global8system.com\/index.php\/curso-sobre-la-resurreccion\/clase-03-resurreccion\/\" \/>\n<meta property=\"og:locale\" content=\"en_US\" \/>\n<meta property=\"og:type\" content=\"article\" \/>\n<meta property=\"og:title\" content=\"CLASE 03 - RESURRECCI\u00d3N * Global 8 System\" \/>\n<meta property=\"og:description\" content=\"ESCRITORIO CURSO RESURRECCI\u00d3N CLASE 01 RESURRECCI\u00d3NCLASE 02 RESURRECCI\u00d3NCLASE 03 RESURRECCI\u00d3NCLASE 04 RESURRECCI\u00d3NCLASE 05 RESURRECCI\u00d3NCLASE 06 RESURRECCI\u00d3NCLASE 07 RESURRECCI\u00d3NCLASE 08 RESURRECC\u00cdONCLASE 09 RESURRECC\u00cdONCLASE 10 RESURRECCI\u00d3NCLASE 11 RESURRECCI\u00d3NCLASE 12 RESURRECCI\u00d3NCLASE 13 RESURRECCIONCLASE 14 RESURRECCI\u00d3NCLASE 15 RESURRECCI\u00d3NCLASE 16 RESURRECCI\u00d3NCLASE 17 RESURRECCI\u00d3NCLASE 18 RESURRECCI\u00d3NCLASE 19 RESURRECCI\u00d3NCLASE 20 RESURRECCI\u00d3NCLASE 21 RESURRECCI\u00d3NCLASE 22 RESURRECCI\u00d3NCLASE 23 RESURRECCI\u00d3NCLASE 24 RESURRECCI\u00d3NCLASE 25 RESURRECCI\u00d3N\" \/>\n<meta property=\"og:url\" content=\"https:\/\/global8system.com\/index.php\/curso-sobre-la-resurreccion\/clase-03-resurreccion\/\" \/>\n<meta property=\"og:site_name\" content=\"Global 8 System\" \/>\n<meta property=\"article:modified_time\" content=\"2022-12-19T21:14:43+00:00\" \/>\n<meta property=\"og:image\" content=\"https:\/\/global8system.com\/wp-content\/uploads\/2022\/09\/logo-G8S-icono.png\" \/>\n\t<meta property=\"og:image:width\" content=\"90\" \/>\n\t<meta property=\"og:image:height\" content=\"88\" \/>\n\t<meta property=\"og:image:type\" content=\"image\/png\" \/>\n<meta name=\"twitter:card\" content=\"summary_large_image\" \/>\n<script type=\"application\/ld+json\" class=\"yoast-schema-graph\">{\"@context\":\"https:\/\/schema.org\",\"@graph\":[{\"@type\":\"WebPage\",\"@id\":\"https:\/\/global8system.com\/index.php\/curso-sobre-la-resurreccion\/clase-03-resurreccion\/\",\"url\":\"https:\/\/global8system.com\/index.php\/curso-sobre-la-resurreccion\/clase-03-resurreccion\/\",\"name\":\"CLASE 03 - RESURRECCI\u00d3N * Global 8 System\",\"isPartOf\":{\"@id\":\"https:\/\/global8system.com\/#website\"},\"datePublished\":\"2022-11-06T05:13:43+00:00\",\"dateModified\":\"2022-12-19T21:14:43+00:00\",\"breadcrumb\":{\"@id\":\"https:\/\/global8system.com\/index.php\/curso-sobre-la-resurreccion\/clase-03-resurreccion\/#breadcrumb\"},\"inLanguage\":\"en-US\",\"potentialAction\":[{\"@type\":\"ReadAction\",\"target\":[\"https:\/\/global8system.com\/index.php\/curso-sobre-la-resurreccion\/clase-03-resurreccion\/\"]}]},{\"@type\":\"BreadcrumbList\",\"@id\":\"https:\/\/global8system.com\/index.php\/curso-sobre-la-resurreccion\/clase-03-resurreccion\/#breadcrumb\",\"itemListElement\":[{\"@type\":\"ListItem\",\"position\":1,\"name\":\"Home\",\"item\":\"https:\/\/global8system.com\/\"},{\"@type\":\"ListItem\",\"position\":2,\"name\":\"CURSO SOBRE LA RESURRECCI\u00d3N\",\"item\":\"https:\/\/global8system.com\/index.php\/curso-sobre-la-resurreccion\/\"},{\"@type\":\"ListItem\",\"position\":3,\"name\":\"CLASE 03 &#8211; RESURRECCI\u00d3N\"}]},{\"@type\":\"WebSite\",\"@id\":\"https:\/\/global8system.com\/#website\",\"url\":\"https:\/\/global8system.com\/\",\"name\":\"Global 8 System\",\"description\":\"Teaching of Grabovoi \",\"publisher\":{\"@id\":\"https:\/\/global8system.com\/#organization\"},\"potentialAction\":[{\"@type\":\"SearchAction\",\"target\":{\"@type\":\"EntryPoint\",\"urlTemplate\":\"https:\/\/global8system.com\/?s={search_term_string}\"},\"query-input\":{\"@type\":\"PropertyValueSpecification\",\"valueRequired\":true,\"valueName\":\"search_term_string\"}}],\"inLanguage\":\"en-US\"},{\"@type\":\"Organization\",\"@id\":\"https:\/\/global8system.com\/#organization\",\"name\":\"Global 8 System\",\"url\":\"https:\/\/global8system.com\/\",\"logo\":{\"@type\":\"ImageObject\",\"inLanguage\":\"en-US\",\"@id\":\"https:\/\/global8system.com\/#\/schema\/logo\/image\/\",\"url\":\"https:\/\/global8system.com\/wp-content\/uploads\/2022\/09\/logo-G8S-4-con-mundo-copy.png\",\"contentUrl\":\"https:\/\/global8system.com\/wp-content\/uploads\/2022\/09\/logo-G8S-4-con-mundo-copy.png\",\"width\":565,\"height\":93,\"caption\":\"Global 8 System\"},\"image\":{\"@id\":\"https:\/\/global8system.com\/#\/schema\/logo\/image\/\"}}]}<\/script>\n<!-- \/ Yoast SEO plugin. -->","yoast_head_json":{"title":"CLASE 03 - RESURRECCI\u00d3N * Global 8 System","robots":{"index":"index","follow":"follow","max-snippet":"max-snippet:-1","max-image-preview":"max-image-preview:large","max-video-preview":"max-video-preview:-1"},"canonical":"https:\/\/global8system.com\/index.php\/curso-sobre-la-resurreccion\/clase-03-resurreccion\/","og_locale":"en_US","og_type":"article","og_title":"CLASE 03 - RESURRECCI\u00d3N * Global 8 System","og_description":"ESCRITORIO CURSO RESURRECCI\u00d3N CLASE 01 RESURRECCI\u00d3NCLASE 02 RESURRECCI\u00d3NCLASE 03 RESURRECCI\u00d3NCLASE 04 RESURRECCI\u00d3NCLASE 05 RESURRECCI\u00d3NCLASE 06 RESURRECCI\u00d3NCLASE 07 RESURRECCI\u00d3NCLASE 08 RESURRECC\u00cdONCLASE 09 RESURRECC\u00cdONCLASE 10 RESURRECCI\u00d3NCLASE 11 RESURRECCI\u00d3NCLASE 12 RESURRECCI\u00d3NCLASE 13 RESURRECCIONCLASE 14 RESURRECCI\u00d3NCLASE 15 RESURRECCI\u00d3NCLASE 16 RESURRECCI\u00d3NCLASE 17 RESURRECCI\u00d3NCLASE 18 RESURRECCI\u00d3NCLASE 19 RESURRECCI\u00d3NCLASE 20 RESURRECCI\u00d3NCLASE 21 RESURRECCI\u00d3NCLASE 22 RESURRECCI\u00d3NCLASE 23 RESURRECCI\u00d3NCLASE 24 RESURRECCI\u00d3NCLASE 25 RESURRECCI\u00d3N","og_url":"https:\/\/global8system.com\/index.php\/curso-sobre-la-resurreccion\/clase-03-resurreccion\/","og_site_name":"Global 8 System","article_modified_time":"2022-12-19T21:14:43+00:00","og_image":[{"width":90,"height":88,"url":"https:\/\/global8system.com\/wp-content\/uploads\/2022\/09\/logo-G8S-icono.png","type":"image\/png"}],"twitter_card":"summary_large_image","schema":{"@context":"https:\/\/schema.org","@graph":[{"@type":"WebPage","@id":"https:\/\/global8system.com\/index.php\/curso-sobre-la-resurreccion\/clase-03-resurreccion\/","url":"https:\/\/global8system.com\/index.php\/curso-sobre-la-resurreccion\/clase-03-resurreccion\/","name":"CLASE 03 - RESURRECCI\u00d3N * Global 8 System","isPartOf":{"@id":"https:\/\/global8system.com\/#website"},"datePublished":"2022-11-06T05:13:43+00:00","dateModified":"2022-12-19T21:14:43+00:00","breadcrumb":{"@id":"https:\/\/global8system.com\/index.php\/curso-sobre-la-resurreccion\/clase-03-resurreccion\/#breadcrumb"},"inLanguage":"en-US","potentialAction":[{"@type":"ReadAction","target":["https:\/\/global8system.com\/index.php\/curso-sobre-la-resurreccion\/clase-03-resurreccion\/"]}]},{"@type":"BreadcrumbList","@id":"https:\/\/global8system.com\/index.php\/curso-sobre-la-resurreccion\/clase-03-resurreccion\/#breadcrumb","itemListElement":[{"@type":"ListItem","position":1,"name":"Home","item":"https:\/\/global8system.com\/"},{"@type":"ListItem","position":2,"name":"CURSO SOBRE LA RESURRECCI\u00d3N","item":"https:\/\/global8system.com\/index.php\/curso-sobre-la-resurreccion\/"},{"@type":"ListItem","position":3,"name":"CLASE 03 &#8211; RESURRECCI\u00d3N"}]},{"@type":"WebSite","@id":"https:\/\/global8system.com\/#website","url":"https:\/\/global8system.com\/","name":"Global 8 System","description":"Teaching of Grabovoi ","publisher":{"@id":"https:\/\/global8system.com\/#organization"},"potentialAction":[{"@type":"SearchAction","target":{"@type":"EntryPoint","urlTemplate":"https:\/\/global8system.com\/?s={search_term_string}"},"query-input":{"@type":"PropertyValueSpecification","valueRequired":true,"valueName":"search_term_string"}}],"inLanguage":"en-US"},{"@type":"Organization","@id":"https:\/\/global8system.com\/#organization","name":"Global 8 System","url":"https:\/\/global8system.com\/","logo":{"@type":"ImageObject","inLanguage":"en-US","@id":"https:\/\/global8system.com\/#\/schema\/logo\/image\/","url":"https:\/\/global8system.com\/wp-content\/uploads\/2022\/09\/logo-G8S-4-con-mundo-copy.png","contentUrl":"https:\/\/global8system.com\/wp-content\/uploads\/2022\/09\/logo-G8S-4-con-mundo-copy.png","width":565,"height":93,"caption":"Global 8 System"},"image":{"@id":"https:\/\/global8system.com\/#\/schema\/logo\/image\/"}}]}},"_links":{"self":[{"href":"https:\/\/global8system.com\/index.php\/wp-json\/wp\/v2\/pages\/1120","targetHints":{"allow":["GET"]}}],"collection":[{"href":"https:\/\/global8system.com\/index.php\/wp-json\/wp\/v2\/pages"}],"about":[{"href":"https:\/\/global8system.com\/index.php\/wp-json\/wp\/v2\/types\/page"}],"author":[{"embeddable":true,"href":"https:\/\/global8system.com\/index.php\/wp-json\/wp\/v2\/users\/1"}],"replies":[{"embeddable":true,"href":"https:\/\/global8system.com\/index.php\/wp-json\/wp\/v2\/comments?post=1120"}],"version-history":[{"count":7,"href":"https:\/\/global8system.com\/index.php\/wp-json\/wp\/v2\/pages\/1120\/revisions"}],"predecessor-version":[{"id":1534,"href":"https:\/\/global8system.com\/index.php\/wp-json\/wp\/v2\/pages\/1120\/revisions\/1534"}],"up":[{"embeddable":true,"href":"https:\/\/global8system.com\/index.php\/wp-json\/wp\/v2\/pages\/142"}],"wp:attachment":[{"href":"https:\/\/global8system.com\/index.php\/wp-json\/wp\/v2\/media?parent=1120"}],"curies":[{"name":"wp","href":"https:\/\/api.w.org\/{rel}","templated":true}]}}